ided by 4668.
50
What is the remainder when 512757 is divided by 189?
0
What is the remainder when 2705 is divided by 57?
26
What is the remainder when 16656 is divided by 4?
0
Calculate the remainder when 220 is divided by 68.
16
Calculate the remainder when 2980097 is divided by 22.
21
What is the remainder when 119530 is divided by 225?
55
Calculate the remainder when 7708 is divided by 358.
190
Calculate the remainder when 19156 is divided by 9577.
2
Calculate the remainder when 2368 is divided by 216.
208
What is the remainder when 2208 is divided by 23?
0
What is the remainder when 25882 is divided by 458?
234
Calculate the remainder when 149289 is divided by 52.
49
What is the remainder when 547 is divided by 10?
7
What is the remainder when 54126 is divided by 479?
478
What is the remainder when 10284 is divided by 621?
348
What is the remainder when 277401 is divided by 13?
7
Calculate the remainder when 18563 is divided by 683.
122
What is the remainder when 3185 is divided by 1051?
32
Calculate the remainder when 11017 is divided by 1379.
1364
Calculate the remainder when 50860 is divided by 27.
19
What is the remainder when 3867 is divided by 207?
141
Calculate the remainder when 3595 is divided by 162.
31
Calculate the remainder when 9345 is divided by 3074.
123
What is the remainder when 25362 is divided by 56?
50
What is the remainder when 638 is divided by 305?
28
Calculate the remainder when 1934 is divided by 650.
634
Calculate the remainder when 33367 is divided by 81.
76
What is the remainder when 472701 is divided by 877?
875
What is the remainder when 4672 is divided by 3?
1
What is the remainder when 1342 is divided by 1279?
63
What is the remainder when 574492 is divided by 1536?
28
Calculate the remainder when 14243 is divided by 768.
419
Calculate the remainder when 51209 is divided by 10233.
44
What is the remainder when 220979 is divided by 55243?
7
Calculate the remainder when 22198 is divided by 153.
13
Calculate the remainder when 2982 is divided by 373.
371
What is the remainder when 3887 is divided by 91?
65
What is the remainder when 91776 is divided by 1953?
1938
Calculate the remainder when 30036 is divided by 1766.
14
Calculate the remainder when 12998 is divided by 65.
63
Calculate the remainder when 741 is divided by 256.
229
Calculate the remainder when 7527 is divided by 56.
23
Calculate the remainder when 525651 is divided by 43800.
51
Calculate the remainder when 111723 is divided by 111698.
25
What is the remainder when 2504 is divided by 67?
25
Calculate the remainder when 1503 is divided by 1441.
62
Calculate the remainder when 31629 is divided by 2431.
26
What is the remainder when 2842 is divided by 27?
7
What is the remainder when 206743 is divided by 33?
31
Calculate the remainder when 391507 is divided by 369.
367
Calculate the remainder when 4834529 is divided by 851.
849
Calculate the remainder when 1381 is divided by 423.
112
What is the remainder when 4626 is divided by 4607?
19
What is the remainder when 16971 is divided by 808?
3
What is the remainder when 7935 is divided by 2210?
1305
Calculate the remainder when 15071 is divided by 404.
123
Calculate the remainder when 26360 is divided by 637.
243
What is the remainder when 22971 is divided by 3820?
51
What is the remainder when 3981905 is divided by 794?
789
Calculate the remainder when 192 is divided by 182.
10
Calculate the remainder when 1309 is divided by 309.
73
What is the remainder when 3666 is divided by 14?
12
Calculate the remainder when 1687 is divided by 645.
397
Calculate the remainder when 7034 is divided by 614.
280
Calculate the remainder when 1449 is divided by 1333.
116
Calculate the remainder when 239756 is divided by 370.
366
Calculate the remainder when 303277 is divided by 152.
37
What is the remainder when 20060 is divided by 3340?
20
Calculate the remainder when 39918 is divided by 21.
18
What is the remainder when 326557 is divided by 155?
127
What is the remainder when 1271 is divided by 1012?
259
Calculate the remainder when 299 is divided by 47.
17
What is the remainder when 174210 is divided by 19?
18
What is the remainder when 1127 is divided by 187?
5
What is the remainder when 11165 is divided by 5579?
7
What is the remainder when 2370 is divided by 103?
1
What is the remainder when 19553 is divided by 2615?
1248
Calculate the remainder when 2050 is divided by 1015.
20
What is the remainder when 15740 is divided by 16?
12
Calculate the remainder when 1253 is divided by 106.
87
Calculate the remainder when 11065 is divided by 3682.
19
What is the remainder when 7920 is divided by 78?
42
Calculate the remainder when 5236 is divided by 105.
91
Calculate the remainder when 8098 is divided by 15.
13
Calculate the remainder when 12878 is divided by 36.
26
What is the remainder when 15803 is divided by 4984?
851
Calculate the remainder when 66179 is divided by 5.
4
What is the remainder when 34100 is divided by 11366?
2
Calculate the remainder when 15227 is divided by 1671.
188
Calculate the remainder when 1872172 is divided by 136.
132
Calculate the remainder when 213829 is divided by 842.
803
Calculate the remainder when 115352 is divided by 7209.
8
What is the remainder when 1329003 is divided by 157?
155
What is the remainder when 1590368 is divided by 11?
10
What is the remainder when 8785 is divided by 798?
7
Calculate the remainder when 1605827 is divided by 93.
89
Calculate the remainder when 3253 is divided by 1605.
43
What is the remainder when 49204 is divided by 230?
214
What is the remainder when 30128 is divided by 29938?
190
Calculate the remainder when 11093 is divided by 1186.
419
What is the remainder when 11778 is divided by 51?
48
Calculate the remainder when 291 is divided by 15.
6
What is the remainder when 4360 is divided by 1381?
217
What is the remainder when 24354 is divided by 16?
2
Calculate the remainder when 3080 is divided by 630.
560
What is the remainder when 917 is divided by 89?
27
What is the remainder when 18683 is divided by 18585?
98
Calculate the remainder when 13217 is divided by 200.
17
Calculate the remainder when 25982 is divided by 1851.
68
Calculate the remainder when 57901 is divided by 223.
144
What is the remainder when 34627 is divided by 2657?
86
Calculate the remainder when 17587 is divided by 164.
39
What is the remainder when 25683 is divided by 100?
83
Calculate the remainder when 40294 is divided by 2518.
6
What is the remainder when 111150 is divided by 114?
0
Calculate the remainder when 2013 is divided by 997.
19
Calculate the remainder when 8700 is divided by 110.
10
What is the remainder when 14774 is divided by 328?
14
What is the remainder when 2637 is divided by 659?
1
Calculate the remainder when 5479 is divided by 1607.
658
What is the remainder when 100458 is divided by 10?
8
Calculate the remainder when 259644 is divided by 45.
39
Calculate the remainder when 91355 is divided by 261.
5
Calculate the remainder when 1337423 is divided by 39.
35
Calculate the remainder when 72783 is divided by 10370.
193
What is the remainder when 20980 is divided by 2815?
1275
Calculate the remainder when 508691 is divided by 254339.
13
Calculate the remainder when 30181 is divided by 64.
37
Calculate the remainder when 200999 is divided by 25.
24
What is the remainder when 17980 is divided by 2568?
4
Calculate the remainder when 5445 is divided by 124.
113
Calculate the remainder when 50943 is divided by 61.
8
What is the remainder when 1360 is divided by 115?
95
Calculate the remainder when 3514 is divided by 502.
0
Calculate the remainder when 914619 is divided by 60973.
24
What is the remainder when 327039 is divided by 6289?
11
Calculate the remainder when 330054 is divided by 217.
214
Calculate the remainder when 41809 is divided by 33.
31
What is the remainder when 761972 is divided by 307?
305
Calculate the remainder when 96855 is divided by 12.
3
What is the remainder when 29081 is divided by 730?
611
What is the remainder when 4780 is divided by 256?
172
Calculate the remainder when 44369 is divided by 85.
84
Calculate the remainder when 1009806 is divided by 114.
108
Calculate the remainder when 16841 is divided by 36.
29
What is the remainder wh